{"id":123,"date":"2017-06-06T23:19:27","date_gmt":"2017-06-06T21:19:27","guid":{"rendered":"http:\/\/www.motormovil.cat\/ca\/inicio\/"},"modified":"2017-11-22T21:43:06","modified_gmt":"2017-11-22T20:43:06","slug":"inicio","status":"publish","type":"page","link":"https:\/\/www.inmobiliariamotormovil.cat\/ca\/","title":{"rendered":"Inici"},"content":{"rendered":"<div class=\"wpb-content-wrapper\"><p>[vc_row css_animation=&#8221;&#8221; row_type=&#8221;row&#8221; use_row_as_full_screen_section=&#8221;no&#8221; type=&#8221;full_width&#8221; angled_section=&#8221;no&#8221; text_align=&#8221;left&#8221; background_image_as_pattern=&#8221;without_pattern&#8221;][vc_column][rev_slider_vc alias=&#8221;home-ca&#8221;][\/vc_column][\/vc_row][vc_row css_animation=&#8221;element_from_fade&#8221; row_type=&#8221;row&#8221; use_row_as_full_screen_section=&#8221;no&#8221; type=&#8221;grid&#8221; angled_section=&#8221;no&#8221; text_align=&#8221;left&#8221; background_image_as_pattern=&#8221;without_pattern&#8221; padding_top=&#8221;50&#8243; padding_bottom=&#8221;60&#8243; el_class=&#8221;home-intro&#8221;][vc_column][vc_column_text]<\/p>\n<h1 style=\"text-align: center;\">IMSA, p\u00e0rquings, oficines i locals de lloguer a Barcelona i Lleida<\/h1>\n<p>[\/vc_column_text][vc_single_image image=&#8221;20&#8243; img_size=&#8221;full&#8221; alignment=&#8221;center&#8221; qode_css_animation=&#8221;&#8221;][vc_separator type=&#8221;transparent&#8221; up=&#8221;15&#8243;][vc_column_text]Inmobiliaria Motormovil SA es dedica al lloguer de oficines i locals comercials a Barcelona i Lleida, tamb\u00e9 s\u2019ocupa de la gesti\u00f3 del p\u00e0rquing IMSA, davant de la Estaci\u00f3 Sants Barcelona.<br \/>\nActualment ofereix locals i oficines \u00fanicament de la seva propietat. Sempre complint amb la rapidesa i rigor en les gestions per assolir un bon servei els consumidors. El nostre principal objectiu es la continua millora de les instal\u00b7lacions per donar el millor servei possible als usuaris amb uns preus molt assequibles.<br \/>\n[\/vc_column_text][\/vc_column][\/vc_row][vc_row css_animation=&#8221;element_from_fade&#8221; row_type=&#8221;row&#8221; use_row_as_full_screen_section=&#8221;no&#8221; type=&#8221;grid&#8221; angled_section=&#8221;no&#8221; text_align=&#8221;left&#8221; background_image_as_pattern=&#8221;without_pattern&#8221; el_class=&#8221;home-icons&#8221;][vc_column width=&#8221;1\/4&#8243; css=&#8221;.vc_custom_1497021337890{padding-bottom: 50px !important;}&#8221;][vc_single_image image=&#8221;301&#8243; img_size=&#8221;full&#8221; alignment=&#8221;center&#8221; qode_css_animation=&#8221;&#8221;][vc_column_text]<\/p>\n<h3 style=\"text-align: center;\">UBICACI\u00d3<br \/>\nIMMILLORABLE<\/h3>\n<p style=\"text-align: center;\">A les millors zones de Barcelona i Lleida<\/p>\n<p>[\/vc_column_text][\/vc_column][vc_column width=&#8221;1\/4&#8243; css=&#8221;.vc_custom_1497021345821{padding-bottom: 50px !important;}&#8221;][vc_single_image image=&#8221;302&#8243; img_size=&#8221;full&#8221; alignment=&#8221;center&#8221; qode_css_animation=&#8221;&#8221;][vc_column_text]<\/p>\n<h3 style=\"text-align: center;\">ASSESSORAMENT<br \/>\nPERSONALITZAT<\/h3>\n<p style=\"text-align: center;\">T&#8217;ajudem a trobar l\u00b4immoble que s&#8217;ajusta a tu<\/p>\n<p>[\/vc_column_text][\/vc_column][vc_column width=&#8221;1\/4&#8243; css=&#8221;.vc_custom_1497021351673{padding-bottom: 50px !important;}&#8221;][vc_single_image image=&#8221;303&#8243; img_size=&#8221;full&#8221; alignment=&#8221;center&#8221; qode_css_animation=&#8221;&#8221;][vc_column_text]<\/p>\n<h3 style=\"text-align: center;\">QUALITAT<br \/>\nGARANTIDA<\/h3>\n<p style=\"text-align: center;\">T&#8217;oferim immobles de qualitat i a bon preu<\/p>\n<p>[\/vc_column_text][\/vc_column][vc_column width=&#8221;1\/4&#8243; css=&#8221;.vc_custom_1497021359118{padding-bottom: 50px !important;}&#8221;][vc_single_image image=&#8221;300&#8243; img_size=&#8221;full&#8221; alignment=&#8221;center&#8221; qode_css_animation=&#8221;&#8221;][vc_column_text]<\/p>\n<h3 style=\"text-align: center;\">TR\u00daCA\u00b4NS I INFORMA&#8217;T<\/h3>\n<p style=\"text-align: center;\">T&#8217;informem de les nostres ofertes sense comprom\u00eds<\/p>\n<p>[\/vc_column_text][\/vc_column][\/vc_row][vc_row css_animation=&#8221;element_from_fade&#8221; row_type=&#8221;row&#8221; use_row_as_full_screen_section=&#8221;no&#8221; type=&#8221;grid&#8221; angled_section=&#8221;no&#8221; text_align=&#8221;left&#8221; background_image_as_pattern=&#8221;without_pattern&#8221; background_color=&#8221;#fbfafa&#8221; padding_top=&#8221;40&#8243; padding_bottom=&#8221;30&#8243; el_class=&#8221;home-portfolio&#8221;][vc_column][vc_column_text]<\/p>\n<h2 style=\"text-align: center;\">Immobles destacats<\/h2>\n<h3 style=\"text-align: center;\">P\u00e0rquings, locals i oficines de lloguer a Barcelona i Lleida<\/h3>\n<p>[\/vc_column_text][vc_single_image image=&#8221;41&#8243; img_size=&#8221;full&#8221; alignment=&#8221;center&#8221; qode_css_animation=&#8221;&#8221;][vc_separator type=&#8221;transparent&#8221; up=&#8221;30&#8243;]<div class='projects_holder_outer v3 portfolio_with_space portfolio_standard'><div class='projects_holder portfolio_main_holder clearfix v3 standard portfolio_landscape_image '>\n<article class='mix portfolio_category_15 portfolio_category_10 ' style=''><div class='image_holder'><a itemprop='url' class='portfolio_link_for_touch' href='https:\/\/www.inmobiliariamotormovil.cat\/ca\/inmuebles\/lloguer-oficina-1d-carrer-mallorca-barcelona\/' target='_self'><span class='image'><img loading=\"lazy\" decoding=\"async\" width=\"480\" height=\"480\" src=\"https:\/\/www.inmobiliariamotormovil.cat\/wp-content\/uploads\/2017\/09\/IMG_6031-e1617962231770.jpg\" class=\"attachment-portfolio-landscape size-portfolio-landscape wp-post-image\" alt=\"\" srcset=\"https:\/\/www.inmobiliariamotormovil.cat\/wp-content\/uploads\/2017\/09\/IMG_6031-e1617962231770.jpg 480w, https:\/\/www.inmobiliariamotormovil.cat\/wp-content\/uploads\/2017\/09\/IMG_6031-e1617962231770-150x150.jpg 150w, https:\/\/www.inmobiliariamotormovil.cat\/wp-content\/uploads\/2017\/09\/IMG_6031-e1617962231770-300x300.jpg 300w\" sizes=\"(max-width: 480px) 100vw, 480px\" \/><\/span><\/a><div class='portfolio_description 'style=background-color:rgba(255,255,255,0.01);'><h5 itemprop=\"name\" class=\"portfolio_title entry_title\"><a itemprop=\"url\" href=\"https:\/\/www.inmobiliariamotormovil.cat\/ca\/inmuebles\/lloguer-oficina-1d-carrer-mallorca-barcelona\/\"  target=\"_self\">LLOGUER OFICINA A BARCELONA 1 1D<\/a><\/h5><\/div><div class=\"excerpt\">C\/MALLORCA, 1 PLANTA OFICINA 1D<br \/>\r\n80m2<br \/>\r\nZona d\u00b4Aparcament<\/div><span class='text_holder2'><span class='text_outer'><span class='text_inner'><span class='feature_holder'><span class=\"feature_holder_icons\"><a itemprop='url' class='preview qbutton small white' href='https:\/\/www.inmobiliariamotormovil.cat\/ca\/inmuebles\/lloguer-oficina-1d-carrer-mallorca-barcelona\/' target='_self'>Veure m\u00e9s<\/a><\/span><\/span><\/span><\/span><\/span><\/div><\/article>\n<article class='mix portfolio_category_15 portfolio_category_10 ' style=''><div class='image_holder'><a itemprop='url' class='portfolio_link_for_touch' href='https:\/\/www.inmobiliariamotormovil.cat\/ca\/inmuebles\/edifici-a-lleida\/' target='_self'><span class='image'><img loading=\"lazy\" decoding=\"async\" width=\"558\" height=\"419\" src=\"https:\/\/www.inmobiliariamotormovil.cat\/wp-content\/uploads\/2017\/06\/lleida.jpg\" class=\"attachment-portfolio-landscape size-portfolio-landscape wp-post-image\" alt=\"\" srcset=\"https:\/\/www.inmobiliariamotormovil.cat\/wp-content\/uploads\/2017\/06\/lleida.jpg 558w, https:\/\/www.inmobiliariamotormovil.cat\/wp-content\/uploads\/2017\/06\/lleida-300x225.jpg 300w\" sizes=\"(max-width: 558px) 100vw, 558px\" \/><\/span><\/a><div class='portfolio_description 'style=background-color:rgba(255,255,255,0.01);'><h5 itemprop=\"name\" class=\"portfolio_title entry_title\"><a itemprop=\"url\" href=\"https:\/\/www.inmobiliariamotormovil.cat\/ca\/inmuebles\/edifici-a-lleida\/\"  target=\"_self\">Edifici a Lleida<\/a><\/h5><\/div><div class=\"excerpt\">Situat a l\u00b4entrada Est de Lleida, l\u00b4edifici es troba a una zona amb molta visibilitat i activitat comercial.<\/div><span class='text_holder2'><span class='text_outer'><span class='text_inner'><span class='feature_holder'><span class=\"feature_holder_icons\"><a itemprop='url' class='preview qbutton small white' href='https:\/\/www.inmobiliariamotormovil.cat\/ca\/inmuebles\/edifici-a-lleida\/' target='_self'>Veure m\u00e9s<\/a><\/span><\/span><\/span><\/span><\/span><\/div><\/article>\n<div class='filler'><\/div>\n<div class='filler'><\/div>\n<div class='filler'><\/div>\n<\/div><\/div>[vc_separator type=&#8221;transparent&#8221; up=&#8221;10&#8243;][vc_column_text el_class=&#8221;home-portfolio-ver-todos&#8221;]<\/p>\n<h4>Veure tots els immobles<\/h4>\n<ul>\n<li><a href=\"\/ca\/oficines-i-locals\/\">Oficines i locals<\/a><\/li>\n<li><a href=\"\/ca\/naus-2\/\">Naus<\/a><\/li>\n<li><a href=\"\/ca\/inmuebles\/alquiler-de-plaza-en-el-parking-estacion-de-sants-imsa\/\">P\u00e0rquings<\/a><\/li>\n<\/ul>\n<p>[\/vc_column_text][\/vc_column][\/vc_row][vc_row css_animation=&#8221;element_from_fade&#8221; row_type=&#8221;row&#8221; use_row_as_full_screen_section=&#8221;no&#8221; type=&#8221;full_width&#8221; angled_section=&#8221;no&#8221; text_align=&#8221;left&#8221; background_image_as_pattern=&#8221;without_pattern&#8221; el_class=&#8221;footer-contacto&#8221;][vc_column]<div class=\"q_image_with_text_over q_iwto_hover\"><div class=\"shader\" style = \"background-color: rgba(255,255,255,0.01)\"><\/div><div class=\"shader_hover\" style=\"background-color: rgba(255,255,255,0.01)\"><\/div><img decoding=\"async\" itemprop=\"image\" src=\"https:\/\/www.inmobiliariamotormovil.cat\/wp-content\/uploads\/2017\/06\/bgcontacto.jpg\" alt=\"\" \/><div class=\"text\"><table><tr><td><h3 class=\"caption no_icon\" style=\"color: #ffffff;\"><\/h3><\/td><\/tr><\/table><table><tr><td><div class=\"desc\"><\/p>\n<h3><a href=\"\/ca\/contacte\/\">Contacta amb nosaltres<\/a><\/h3>\n<p>Independentment de la seva empresa i del seu pressupost, nosaltres li ajudem a trobar l\u00b4espai de feina que busca.<\/div><\/td><\/tr><\/table><\/div><\/div>[\/vc_column][\/vc_row]<\/p>\n<\/div>","protected":false},"excerpt":{"rendered":"<p>[vc_row css_animation=&#8221;&#8221; row_type=&#8221;row&#8221; use_row_as_full_screen_section=&#8221;no&#8221; type=&#8221;full_width&#8221; angled_section=&#8221;no&#8221; text_align=&#8221;left&#8221; background_image_as_pattern=&#8221;without_pattern&#8221;][vc_column][rev_slider_vc alias=&#8221;home-ca&#8221;][\/vc_column][\/vc_row][vc_row css_animation=&#8221;element_from_fade&#8221; row_type=&#8221;row&#8221; use_row_as_full_screen_section=&#8221;no&#8221; type=&#8221;grid&#8221; angled_section=&#8221;no&#8221; text_align=&#8221;left&#8221; background_image_as_pattern=&#8221;without_pattern&#8221; padding_top=&#8221;50&#8243; padding_bottom=&#8221;60&#8243; el_class=&#8221;home-intro&#8221;][vc_column][vc_column_text] IMSA, p\u00e0rquings, oficines i locals de lloguer a Barcelona i Lleida [\/vc_column_text][vc_single_image image=&#8221;20&#8243; img_size=&#8221;full&#8221; alignment=&#8221;center&#8221; qode_css_animation=&#8221;&#8221;][vc_separator type=&#8221;transparent&#8221; up=&#8221;15&#8243;][vc_column_text]Inmobiliaria Motormovil SA es dedica al lloguer de oficines&#8230;<\/p>\n","protected":false},"author":1,"featured_media":0,"parent":0,"menu_order":0,"comment_status":"closed","ping_status":"closed","template":"full_width.php","meta":{"_acf_changed":false,"footnotes":""},"acf":[],"_links":{"self":[{"href":"https:\/\/www.inmobiliariamotormovil.cat\/ca\/wp-json\/wp\/v2\/pages\/123"}],"collection":[{"href":"https:\/\/www.inmobiliariamotormovil.cat\/ca\/wp-json\/wp\/v2\/pages"}],"about":[{"href":"https:\/\/www.inmobiliariamotormovil.cat\/ca\/wp-json\/wp\/v2\/types\/page"}],"author":[{"embeddable":true,"href":"https:\/\/www.inmobiliariamotormovil.cat\/ca\/wp-json\/wp\/v2\/users\/1"}],"replies":[{"embeddable":true,"href":"https:\/\/www.inmobiliariamotormovil.cat\/ca\/wp-json\/wp\/v2\/comments?post=123"}],"version-history":[{"count":10,"href":"https:\/\/www.inmobiliariamotormovil.cat\/ca\/wp-json\/wp\/v2\/pages\/123\/revisions"}],"predecessor-version":[{"id":330,"href":"https:\/\/www.inmobiliariamotormovil.cat\/ca\/wp-json\/wp\/v2\/pages\/123\/revisions\/330"}],"wp:attachment":[{"href":"https:\/\/www.inmobiliariamotormovil.cat\/ca\/wp-json\/wp\/v2\/media?parent=123"}],"curies":[{"name":"wp","href":"https:\/\/api.w.org\/{rel}","templated":true}]}}

<div class="wpb-content-wrapper"><p>[vc_row css_animation=&#8221;&#8221; row_type=&#8221;row&#8221; use_row_as_full_screen_section=&#8221;no&#8221; type=&#8221;full_width&#8221; angled_section=&#8221;no&#8221; text_align=&#8221;left&#8221; background_image_as_pattern=&#8221;without_pattern&#8221;][vc_column][rev_slider_vc alias=&#8221;home-ca&#8221;][/vc_column][/vc_row][vc_row css_animation=&#8221;element_from_fade&#8221; row_type=&#8221;row&#8221; use_row_as_full_screen_section=&#8221;no&#8221; type=&#8221;grid&#8221; angled_section=&#8221;no&#8221; text_align=&#8221;left&#8221; background_image_as_pattern=&#8221;without_pattern&#8221; padding_top=&#8221;50&#8243; padding_bottom=&#8221;60&#8243; el_class=&#8221;home-intro&#8221;][vc_column][vc_column_text]</p>
<h1 style="text-align: center;">IMSA, pàrquings, oficines i locals de lloguer a Barcelona i Lleida</h1>
<p>[/vc_column_text][vc_single_image image=&#8221;20&#8243; img_size=&#8221;full&#8221; alignment=&#8221;center&#8221; qode_css_animation=&#8221;&#8221;][vc_separator type=&#8221;transparent&#8221; up=&#8221;15&#8243;][vc_column_text]Inmobiliaria Motormovil SA es dedica al lloguer de oficines i locals comercials a Barcelona i Lleida, també s’ocupa de la gestió del pàrquing IMSA, davant de la Estació Sants Barcelona.<br />
Actualment ofereix locals i oficines únicament de la seva propietat. Sempre complint amb la rapidesa i rigor en les gestions per assolir un bon servei els consumidors. El nostre principal objectiu es la continua millora de les instal·lacions per donar el millor servei possible als usuaris amb uns preus molt assequibles.<br />
[/vc_column_text][/vc_column][/vc_row][vc_row css_animation=&#8221;element_from_fade&#8221; row_type=&#8221;row&#8221; use_row_as_full_screen_section=&#8221;no&#8221; type=&#8221;grid&#8221; angled_section=&#8221;no&#8221; text_align=&#8221;left&#8221; background_image_as_pattern=&#8221;without_pattern&#8221; el_class=&#8221;home-icons&#8221;][vc_column width=&#8221;1/4&#8243; css=&#8221;.vc_custom_1497021337890{padding-bottom: 50px !important;}&#8221;][vc_single_image image=&#8221;301&#8243; img_size=&#8221;full&#8221; alignment=&#8221;center&#8221; qode_css_animation=&#8221;&#8221;][vc_column_text]</p>
<h3 style="text-align: center;">UBICACIÓ<br />
IMMILLORABLE</h3>
<p style="text-align: center;">A les millors zones de Barcelona i Lleida</p>
<p>[/vc_column_text][/vc_column][vc_column width=&#8221;1/4&#8243; css=&#8221;.vc_custom_1497021345821{padding-bottom: 50px !important;}&#8221;][vc_single_image image=&#8221;302&#8243; img_size=&#8221;full&#8221; alignment=&#8221;center&#8221; qode_css_animation=&#8221;&#8221;][vc_column_text]</p>
<h3 style="text-align: center;">ASSESSORAMENT<br />
PERSONALITZAT</h3>
<p style="text-align: center;">T&#8217;ajudem a trobar l´immoble que s&#8217;ajusta a tu</p>
<p>[/vc_column_text][/vc_column][vc_column width=&#8221;1/4&#8243; css=&#8221;.vc_custom_1497021351673{padding-bottom: 50px !important;}&#8221;][vc_single_image image=&#8221;303&#8243; img_size=&#8221;full&#8221; alignment=&#8221;center&#8221; qode_css_animation=&#8221;&#8221;][vc_column_text]</p>
<h3 style="text-align: center;">QUALITAT<br />
GARANTIDA</h3>
<p style="text-align: center;">T&#8217;oferim immobles de qualitat i a bon preu</p>
<p>[/vc_column_text][/vc_column][vc_column width=&#8221;1/4&#8243; css=&#8221;.vc_custom_1497021359118{padding-bottom: 50px !important;}&#8221;][vc_single_image image=&#8221;300&#8243; img_size=&#8221;full&#8221; alignment=&#8221;center&#8221; qode_css_animation=&#8221;&#8221;][vc_column_text]</p>
<h3 style="text-align: center;">TRÚCA´NS I INFORMA&#8217;T</h3>
<p style="text-align: center;">T&#8217;informem de les nostres ofertes sense compromís</p>
<p>[/vc_column_text][/vc_column][/vc_row][vc_row css_animation=&#8221;element_from_fade&#8221; row_type=&#8221;row&#8221; use_row_as_full_screen_section=&#8221;no&#8221; type=&#8221;grid&#8221; angled_section=&#8221;no&#8221; text_align=&#8221;left&#8221; background_image_as_pattern=&#8221;without_pattern&#8221; background_color=&#8221;#fbfafa&#8221; padding_top=&#8221;40&#8243; padding_bottom=&#8221;30&#8243; el_class=&#8221;home-portfolio&#8221;][vc_column][vc_column_text]</p>
<h2 style="text-align: center;">Immobles destacats</h2>
<h3 style="text-align: center;">Pàrquings, locals i oficines de lloguer a Barcelona i Lleida</h3>
<p>[/vc_column_text][vc_single_image image=&#8221;41&#8243; img_size=&#8221;full&#8221; alignment=&#8221;center&#8221; qode_css_animation=&#8221;&#8221;][vc_separator type=&#8221;transparent&#8221; up=&#8221;30&#8243;]<div class='projects_holder_outer v3 portfolio_with_space portfolio_standard'><div class='projects_holder portfolio_main_holder clearfix v3 standard portfolio_landscape_image '>
<article class='mix portfolio_category_15 portfolio_category_10 ' style=''><div class='image_holder'><a itemprop='url' class='portfolio_link_for_touch' href='https://www.inmobiliariamotormovil.cat/ca/inmuebles/lloguer-oficina-1d-carrer-mallorca-barcelona/' target='_self'><span class='image'><img loading="lazy" decoding="async" width="480" height="480" src="https://www.inmobiliariamotormovil.cat/wp-content/uploads/2017/09/IMG_6031-e1617962231770.jpg" class="attachment-portfolio-landscape size-portfolio-landscape wp-post-image" alt="" srcset="https://www.inmobiliariamotormovil.cat/wp-content/uploads/2017/09/IMG_6031-e1617962231770.jpg 480w, https://www.inmobiliariamotormovil.cat/wp-content/uploads/2017/09/IMG_6031-e1617962231770-150x150.jpg 150w, https://www.inmobiliariamotormovil.cat/wp-content/uploads/2017/09/IMG_6031-e1617962231770-300x300.jpg 300w" sizes="(max-width: 480px) 100vw, 480px" /></span></a><div class='portfolio_description 'style=background-color:rgba(255,255,255,0.01);'><h5 itemprop="name" class="portfolio_title entry_title"><a itemprop="url" href="https://www.inmobiliariamotormovil.cat/ca/inmuebles/lloguer-oficina-1d-carrer-mallorca-barcelona/"  target="_self">LLOGUER OFICINA A BARCELONA 1 1D</a></h5></div><div class="excerpt">C/MALLORCA, 1 PLANTA OFICINA 1D<br />
80m2<br />
Zona d´Aparcament</div><span class='text_holder2'><span class='text_outer'><span class='text_inner'><span class='feature_holder'><span class="feature_holder_icons"><a itemprop='url' class='preview qbutton small white' href='https://www.inmobiliariamotormovil.cat/ca/inmuebles/lloguer-oficina-1d-carrer-mallorca-barcelona/' target='_self'>Veure més</a></span></span></span></span></span></div></article>
<article class='mix portfolio_category_15 portfolio_category_10 ' style=''><div class='image_holder'><a itemprop='url' class='portfolio_link_for_touch' href='https://www.inmobiliariamotormovil.cat/ca/inmuebles/edifici-a-lleida/' target='_self'><span class='image'><img loading="lazy" decoding="async" width="558" height="419" src="https://www.inmobiliariamotormovil.cat/wp-content/uploads/2017/06/lleida.jpg" class="attachment-portfolio-landscape size-portfolio-landscape wp-post-image" alt="" srcset="https://www.inmobiliariamotormovil.cat/wp-content/uploads/2017/06/lleida.jpg 558w, https://www.inmobiliariamotormovil.cat/wp-content/uploads/2017/06/lleida-300x225.jpg 300w" sizes="(max-width: 558px) 100vw, 558px" /></span></a><div class='portfolio_description 'style=background-color:rgba(255,255,255,0.01);'><h5 itemprop="name" class="portfolio_title entry_title"><a itemprop="url" href="https://www.inmobiliariamotormovil.cat/ca/inmuebles/edifici-a-lleida/"  target="_self">Edifici a Lleida</a></h5></div><div class="excerpt">Situat a l´entrada Est de Lleida, l´edifici es troba a una zona amb molta visibilitat i activitat comercial.</div><span class='text_holder2'><span class='text_outer'><span class='text_inner'><span class='feature_holder'><span class="feature_holder_icons"><a itemprop='url' class='preview qbutton small white' href='https://www.inmobiliariamotormovil.cat/ca/inmuebles/edifici-a-lleida/' target='_self'>Veure més</a></span></span></span></span></span></div></article>
<div class='filler'></div>
<div class='filler'></div>
<div class='filler'></div>
</div></div>[vc_separator type=&#8221;transparent&#8221; up=&#8221;10&#8243;][vc_column_text el_class=&#8221;home-portfolio-ver-todos&#8221;]</p>
<h4>Veure tots els immobles</h4>
<ul>
<li><a href="/ca/oficines-i-locals/">Oficines i locals</a></li>
<li><a href="/ca/naus-2/">Naus</a></li>
<li><a href="/ca/inmuebles/alquiler-de-plaza-en-el-parking-estacion-de-sants-imsa/">Pàrquings</a></li>
</ul>
<p>[/vc_column_text][/vc_column][/vc_row][vc_row css_animation=&#8221;element_from_fade&#8221; row_type=&#8221;row&#8221; use_row_as_full_screen_section=&#8221;no&#8221; type=&#8221;full_width&#8221; angled_section=&#8221;no&#8221; text_align=&#8221;left&#8221; background_image_as_pattern=&#8221;without_pattern&#8221; el_class=&#8221;footer-contacto&#8221;][vc_column]<div class="q_image_with_text_over q_iwto_hover"><div class="shader" style = "background-color: rgba(255,255,255,0.01)"></div><div class="shader_hover" style="background-color: rgba(255,255,255,0.01)"></div><img decoding="async" itemprop="image" src="https://www.inmobiliariamotormovil.cat/wp-content/uploads/2017/06/bgcontacto.jpg" alt="" /><div class="text"><table><tr><td><h3 class="caption no_icon" style="color: #ffffff;"></h3></td></tr></table><table><tr><td><div class="desc"></p>
<h3><a href="/ca/contacte/">Contacta amb nosaltres</a></h3>
<p>Independentment de la seva empresa i del seu pressupost, nosaltres li ajudem a trobar l´espai de feina que busca.</div></td></tr></table></div></div>[/vc_column][/vc_row]</p>
</div>

<p>[vc_row css_animation=&#8221;&#8221; row_type=&#8221;row&#8221; use_row_as_full_screen_section=&#8221;no&#8221; type=&#8221;full_width&#8221; angled_section=&#8221;no&#8221; text_align=&#8221;left&#8221; background_image_as_pattern=&#8221;without_pattern&#8221;][vc_column][rev_slider_vc alias=&#8221;home-ca&#8221;][/vc_column][/vc_row][vc_row css_animation=&#8221;element_from_fade&#8221; row_type=&#8221;row&#8221; use_row_as_full_screen_section=&#8221;no&#8221; type=&#8221;grid&#8221; angled_section=&#8221;no&#8221; text_align=&#8221;left&#8221; background_image_as_pattern=&#8221;without_pattern&#8221; padding_top=&#8221;50&#8243; padding_bottom=&#8221;60&#8243; el_class=&#8221;home-intro&#8221;][vc_column][vc_column_text] IMSA, pàrquings, oficines i locals de lloguer a Barcelona i Lleida [/vc_column_text][vc_single_image image=&#8221;20&#8243; img_size=&#8221;full&#8221; alignment=&#8221;center&#8221; qode_css_animation=&#8221;&#8221;][vc_separator type=&#8221;transparent&#8221; up=&#8221;15&#8243;][vc_column_text]Inmobiliaria Motormovil SA es dedica al lloguer de oficines&#8230;</p>
